me factors of 116151855.
3, 5, 7743457
What are the prime factors of 949857100?
2, 5, 43, 220897
What are the prime factors of 1223790554?
2, 7, 87413611
List the prime factors of 492067483.
492067483
What are the prime factors of 26278357?
7, 536293
What are the prime factors of 2107697224?
2, 191, 1379383
What are the prime factors of 23234533?
7, 3319219
List the prime factors of 175010491.
347, 504353
What are the prime factors of 429495119?
429495119
List the prime factors of 909565479.
3, 47, 2150273
What are the prime factors of 14674780?
2, 5, 31, 23669
What are the prime factors of 1376425312?
2, 71, 683, 887
What are the prime factors of 89009921?
7, 11, 13, 12703
What are the prime factors of 6964942094?
2, 11, 59, 257, 20879
List the prime factors of 59243836.
2, 1831, 8089
List the prime factors of 394941004.
2, 23, 281, 15277
List the prime factors of 57928262.
2, 7, 4137733
What are the prime factors of 261822033?
3, 11, 19, 109, 1277
What are the prime factors of 80223020?
2, 5, 547, 7333
What are the prime factors of 478517372?
2, 1319, 90697
List the prime factors of 177232371.
3, 53, 149, 7481
What are the prime factors of 1400535202?
2, 11, 1033, 61627
What are the prime factors of 123451915?
5, 24690383
What are the prime factors of 5065220204?
2, 11, 10465331
What are the prime factors of 3138442619?
13, 61, 3957683
List the prime factors of 134519438.
2, 67259719
List the prime factors of 2142904324.
2, 11, 691, 70481
List the prime factors of 387191439.
3, 17, 2530663
What are the prime factors of 30293588?
2, 13, 41, 1093
List the prime factors of 7349463424.
2, 23, 2496421
What are the prime factors of 70343622?
2, 3, 3907979
What are the prime factors of 38176707?
3, 677, 18797
List the prime factors of 716705211.
3, 238901737
What are the prime factors of 326429105?
5, 65285821
What are the prime factors of 148864447?
73, 127, 16057
What are the prime factors of 53140065?
3, 5, 11, 443, 727
List the prime factors of 268440523.
13, 17, 1214663
List the prime factors of 152869277.
11, 31, 67, 6691
List the prime factors of 595985630.
2, 5, 59598563
What are the prime factors of 194801646?
2, 3, 13, 2497457
What are the prime factors of 5684284100?
2, 5, 11, 37, 139663
List the prime factors of 8561308.
2, 7, 305761
What are the prime factors of 1137601514?
2, 7, 81257251
What are the prime factors of 43765040?
2, 5, 11, 41, 1213
List the prime factors of 23033517.
3, 13, 181, 251
What are the prime factors of 751345072?
2, 46959067
List the prime factors of 218237760.
2, 3, 5, 13, 29, 67
What are the prime factors of 4186825722?
2, 3, 17, 13682437
List the prime factors of 1445837052.
2, 3, 11, 10953311
What are the prime factors of 631675171?
17, 37157363
What are the prime factors of 196325846?
2, 98162923
What are the prime factors of 605542869?
3, 3541, 19001
What are the prime factors of 2500472698?
2, 1250236349
What are the prime factors of 2500479668?
2, 151, 1447, 2861
What are the prime factors of 171005528?
2, 3257, 6563
List the prime factors of 1132039641.
3, 377346547
List the prime factors of 81864459.
3, 31, 47, 2081
List the prime factors of 35654494.
2, 1913, 9319
What are the prime factors of 54524691?
3, 13, 31, 5011
What are the prime factors of 51612296?
2, 233, 27689
What are the prime factors of 621208162?
2, 5021, 61861
What are the prime factors of 2882916580?
2, 5, 263, 548083
What are the prime factors of 131957970?
2, 3, 5, 43, 102293
What are the prime factors of 272790401?
13, 107, 196111
List the prime factors of 1090914220.
2, 5, 11, 107, 383
What are the prime factors of 648915957?
3, 72101773
List the prime factors of 14527534.
2, 7, 1037681
List the prime factors of 14151860.
2, 5, 379, 1867
List the prime factors of 32806888.
2, 29, 41, 3449
What are the prime factors of 25305382?
2, 23, 550117
What are the prime factors of 768221942?
2, 17, 23, 982381
List the prime factors of 115455920.
2, 5, 59, 61, 401
List the prime factors of 174942888.
2, 3, 7289287
List the prime factors of 19752060.
2, 3, 5, 329201
List the prime factors of 53435298.
2, 3, 7, 1272269
List the prime factors of 15414170.
2, 5, 449, 3433
List the prime factors of 561792893.
19, 43, 36191
List the prime factors of 105040896.
2, 3, 31, 1103
List the prime factors of 1345030754.
2, 23, 29239799
List the prime factors of 984833707.
11, 13, 19, 29, 431
List the prime factors of 3090686702.
2, 73, 167, 126761
List the prime factors of 633010040.
2, 5, 13, 769, 1583
What are the prime factors of 156888207?
3, 7, 1213, 2053
What are the prime factors of 80004164?
2, 67, 137, 2179
What are the prime factors of 2559695572?
2, 7, 43, 2125993
What are the prime factors of 1323261235?
5, 139, 1903973
What are the prime factors of 2316714247?
7193, 322079
What are the prime factors of 159066877?
159066877
What are the prime factors of 40953037?
19, 2155423
List the prime factors of 690297450.
2, 3, 5, 233, 19751
List the prime factors of 1020144731.
2411, 423121
What are the prime factors of 43017331?
7, 1823, 3371
List the prime factors of 274084904.
2, 149, 229937
List the prime factors of 2775169632.
2, 3, 571, 50627
List the prime factors of 269861593.
43, 919, 6829
List the prime factors of 8911301.
7, 59, 21577
List the prime factors of 196142873.
23, 8527951
List the prime factors of 46120030.
2, 5, 11, 19, 22067
What are the prime factors of 3770366147?
157, 821, 29251
List the prime factors of 7056995.
5, 11, 31, 4139
List the prime factors of 292071838.
2, 19, 7686101
List the prime factors of 478126297.
11, 41, 96377
What are the prime factors of 112294823?
103, 1090241
List the prime factors of 376772479.
17, 1303711
List the prime factors of 4064490262.
2, 7, 290320733
List the prime factors of 8429338643.
11, 766303513
What are the prime factors of 97549773?
3, 32516591
List the prime factors of 849205725.
3, 5, 11322743
What are the prime factors of 1113693419?
23, 83, 583391
List the prime factors of 735477146.
2, 8209, 44797
List the prime factors of 19929441.
3, 7, 949021
What are the prime factors of 4196914521?
3, 401, 3488707
What are the prime factors of 227081708?
2, 7, 79, 251, 409
List the prime factors of 26234043.
3, 11, 17, 101, 463
List the prime factors of 4044003777.
3, 11, 40848523
List the prime factors of 310373963.
1051, 295313
What are the prime factors of 388898863?
4663, 83401
What are the prime factors of 88928160?
2, 3, 5, 185267
List the prime factors of 2253315827.
7, 321902261
List the prime factors of 446085064.
2, 547, 101939
List the prime factors of 759581775.
3, 5, 29, 116411
List the prime factors of 127020856.
2, 15877607
List the prime factors of 16609744.
2, 37, 28057
What are the prime factors of 966968190?
2, 3, 5, 41, 262051
List the prime factors of 1495129938.
2, 3, 31, 1021, 7873
What are the prime factors of 41040971?
1297, 31643
What are the prime factors of 337468365?
3, 5, 13, 523, 1103
What are the prime factors of 14834915?
5, 19, 156157
What are the prime factors of 37122455?
5, 199, 37309
List the prime factors of 374957606.
2, 61, 149, 20627
List the prime factors of 66365478.
2, 3, 3686971
List the prime factors of 69541851.
3, 23180617
List the prime factors of 31489290.
2, 3, 5, 7, 16661
What are the prime factors of 785999693?
785999693
List the prime factors of 61407685.
5, 2029, 6053
What are the prime factors of 642934579?
7, 73, 127, 9907
What are the prime factors of 12264064?
2, 95813
List the prime factors of 207978719.
13, 23, 695581
List the prime factors of 55631035.
5, 43, 353, 733
What are the prime factors of 23769010?
2, 5, 1399, 1699
What are the prime factors of 956513641?
29, 41, 67, 12007
List the prime factors of 278600285.
5, 151, 369007
What are the prime factors of 54566153?
1949, 27997
What are the prime factors of 7186518310?
2, 5, 4759, 151009
List the prime factors of 407333519.
23, 269, 65837
List the prime factors of 67943477.
7, 157, 211, 293
What are the prime factors of 3519770034?
2, 3, 11, 53329849
What are the prime factors of 111161913?
3, 19, 101, 19309
List the prime factors of 316691246.
2, 158345623
What are the prime factors of 24486?
2, 3, 7, 11, 53
What are the prime factors of 238530294?
2, 3, 19, 697457
L